ded by 11?
10
Let c(z) = 3*z + 9. Suppose -2*a - 56 = -4*f + a, -2*a - 9 = -f. What is the remainder when c(8) is divided by f?
16
Let m = -34 + 135. What is the remainder when m is divided by 34?
33
Let j(y) = -y**2 - 9*y - 6. What is the remainder when 122/3 + 3 + 32/(-12) is divided by j(-5)?
13
Let q = 5 + -3. Suppose -4 = -q*j + 174. Suppose j = 3*v - 4*a, 0 = 2*v - a + 3*a - 64. Calculate the remainder when v is divided by 11.
9
Suppose -3*p + 18 = 2*l, l - 3 = -p + 5. Calculate the remainder when 16 is divided by l.
4
Let y(s) = s**3 + 6*s**2 + 2*s + 7. Let d be y(-6). Let k be ((45/20)/(-3))/((-2)/16). Let q = k - d. Calculate the remainder when 20 is divided by q.
9
Suppose 11*z - 150 = 6*z. Suppose 0*c - 2*r = -c + 4, -4*c + 3*r + 26 = 0. Calculate the remainder when z is divided by c.
6
Let z(q) = -3 - 2 + 17*q + 2. Let v(y) = -10*y**3 + 2*y**2 - 1. Calculate the remainder when z(2) is divided by v(-1).
9
Suppose -4*s - 4*z = -s - 15, 4*s + 11 = 5*z. Let k(c) = c**2 - c + 1. What is the remainder when k(0) is divided by s?
0
Let b = 230 - 163. Calculate the remainder when b is divided by 14.
11
Suppose 3*z = 2*t + 150, -5*z + 183 = -3*t - 66. Calculate the remainder when z is divided by 17.
14
Suppose 5*s - 36 = -6. Suppose 3*l = s*l - 48. Let b(x) = x**2 + 6. Calculate the remainder when l is divided by b(0).
4
Suppose 6*a - 4*z - 12 = 2*a, -3*a + 7 = -z. Suppose -7*f = -a*f - 20. Calculate the remainder when 10 is divided by f.
2
Let d(j) = 5*j + 5. What is the remainder when 57 is divided by d(5)?
27
Let t(h) = h**3 - 12*h**2 - 25*h + 9. What is the remainder when 202 is divided by t(14)?
49
Let h(d) = -d - 2. Let g be h(-2). Let k = g - -7. What is the remainder when 26 is divided by k?
5
Let i be ((-2)/4)/((-2)/4). Let z = i - -3. Suppose 0*h - z*r = h + 2, 0 = 5*h - 3*r - 82. Calculate the remainder when 27 is divided by h.
13
What is the remainder when 13 is divided by 6/5*80/12?
5
Let l(i) = -i**3 + 7*i**2 + 3*i - 10. Let u = 10 - 3. Calculate the remainder when l(u) is divided by 4.
3
Let k(r) = -13*r + 1. Let q be 0 + 0 + (-1)/1. Calculate the remainder when 25 is divided by k(q).
11
Let c = 7 + 1. Let m = 10 + -7. Suppose -12 = -f - m*f. Calculate the remainder when c is divided by f.
2
Let x(j) = -j**3 - 9*j**2 - 16*j - 4. Suppose 0 = 5*s - 7*s + 58. Calculate the remainder when s is divided by x(-7).
9
Suppose 115*o - 120*o = -1075. What is the remainder when o is divided by 18?
17
Let u = -64 + 106. Calculate the remainder when u is divided by 15.
12
Suppose -n + 31 = 2*u - 51, -3*u + n = -113. Suppose 0 = -2*x - 2*r - r + u, 5*x - 3*r = 66. Calculate the remainder when 7 is divided by 5/x + (-8)/(-3).
1
Let i = -858 + 1409. Suppose -5*o + y = -20 - i, 5*o - 3*y = 563. Suppose -15 + o = 5*v. What is the remainder when v is divided by 11?
9
Let u = 30 - 0. What is the remainder when 117 is divided by u?
27
Suppose 45 + 25 = 5*y. Suppose 3*o + 5*p - 83 = 0, o - 29 = -4*p + p. What is the remainder when o is divided by y?
12
Calculate the remainder when (-44)/(-10) - (-8)/(-20) is divided by 2 + 2*3/(-6).
0
Suppose -3*w + w = -g + 33, -2*w = 5*g - 201. Calculate the remainder when 154 is divided by g.
37
Suppose 55 = 2*n + 15. What is the remainder when n is divided by 12?
8
Let l = 33 + -24. Calculate the remainder when 52 is divided by l.
7
What is the remainder when 128 is divided by 84/(-56)*52/(-3)?
24
Let w be (16/(-3))/((-1)/(-3)). Let h = w + 22. Suppose -3*r + 32 = 2. What is the remainder when r is divided by h?
4
Let x(y) = -y**3 - 12*y**2 - 2*y - 2. Let s = 45 + 18. Calculate the remainder when s is divided by x(-12).
19
Let r = 11 + -56. Let n = r - -30. What is the remainder when 8 is divided by (-4)/(-10) + (-39)/n?
2
Suppose 5*i + 19 = -1. Let n = i + 16. Let s = -28 + 51. Calculate the remainder when s is divided by n.
11
Let f = 20 + -9. Calculate the remainder when 32 is divided by f.
10
Let f be 2/(-3 - 7/(-2)). Suppose 0 = b - p - 2*p - 25, -5*p - 72 = -f*b. Calculate the remainder when 24 is divided by b.
11
Suppose -k = -34 + 18. What is the remainder when 30 is divided by k?
14
Let a = -3 - -5. Suppose -f = a - 13. Suppose 2*s - f = s. Calculate the remainder when 20 is divided by s.
9
Let x(j) = -j**3 - 5*j**2 - j + 2. Let u be x(-2). Let h = u + 15. Calculate the remainder when 26 is divided by h.
5
Suppose 3*a = -a + 2*b - 172, 0 = -b - 4. Let j = 86 + a. Let z = 126 + -112. Calculate the remainder when j is divided by z.
13
Let b = -1 - -2. Calculate the remainder when b is divided by 1.
0
Let g = -159 - -232. Let m = -28 - -53. Calculate the remainder when g is divided by m.
23
Let u(w) = -w**3 - 4*w**2 - 4*w - 4. Let f be u(-3). Let j(i) = 2*i - 5. What is the remainder when j(4) is divided by (-4 + 2)*f/2?
0
Let a be 1*(39/1)/(-3). Let q = -119 - -182. Let h = a + q. What is the remainder when h is divided by 17?
16
Suppose 0 = -4*w - 8 - 0. Let v(p) = -6*p**3 + p**2 - p + 2. Suppose -10 = -m + 9. Calculate the remainder when v(w) is divided by m.
18
Let o(a) = 3*a + 6. Suppose -3*b + 3*l + 21 = 0, 5*l = 6*l + 2. Calculate the remainder when o(b) is divided by 11.
10
Suppose -2*o = 3*o - 15. Suppose 4*u + 0*w = -o*w + 295, -4*w + 90 = u. Let r = u + -42. What is the remainder when r is divided by 15?
13
Suppose 4*t = -5*g - 95, -2*g + 2*t - 4 - 16 = 0. What is the remainder when 32 is divided by 4 + g*(-4)/12?
5
Let d(o) = -3*o - 4. Let y be d(-7). Suppose 0 = -2*p - 3*p. What is the remainder when y + (-2)/6*p is divided by 6?
5
Let y = 36 + -20. What is the remainder when 62 is divided by y?
14
Let j(c) = -c**2 + 9*c - 1. Suppose b - f = 6, -b + 3*b - 5*f - 6 = 0. Suppose -s + 18 + 8 = 0. What is the remainder when s is divided by j(b)?
5
Suppose 5*i + 4 = -0*k - 4*k, -4 = 4*k + 4*i. Let t = 13 + k. Let q = -8 + 30. Calculate the remainder when q is divided by t.
10
Suppose 2*c + 2 = -0*c. Let m be (2 + -2 - 0)/c. Calculate the remainder when (-21)/(1/(-1)) + m is divided by 11.
10
Suppose -3*r + 2*r = 0. Suppose -3*v - 2*v + 45 = r. Let g = v - -4. Calculate the remainder when 37 is divided by g.
11
Suppose 2*x + 22 = 46. Let g = -18 - -30. Suppose 58 = 2*d - g. What is the remainder when d is divided by x?
11
Let l = 91 + -30. Let u = -23 + l. Calculate the remainder when u is divided by 21.
17
Let n(j) be the first derivative of j**3/3 + 6*j + 1. What is the remainder when n(-5) is divided by 11?
9
Let j(q) = q**3 - 12*q**2 + 2*q - 14. Calculate the remainder when 49 is divided by j(12).
9
Let z(v) = 2*v - 4. Let p be z(4). Suppose 0 = j + p*j - 165. Suppose -2*q + a - 10 = -j, 5*a - 5 = 0. Calculate the remainder when q is divided by 7.
5
Suppose -3*u = 10 - 28. Let g(k) = u + 3 + 3*k - 4. Calculate the remainder when g(4) is divided by 9.
8
Let h(k) = -k**3 + 6*k**2 - 6*k + 5. Let i be h(5). Suppose 4*b = f + 37, 2*b - f - 26 + 5 = i. What is the remainder when b is divided by 5?
3
Let p(u) = u + 14. Let a be p(-11). Suppose -18 + a = -3*b. Suppose 5*z + 1 - 16 = 0. What is the remainder when b is divided by z?
2
Suppose -4*q = -5*g + 19, 0*q = 5*g + 3*q - 12. Suppose g*p + 4*b - 15 = -2*p, 0 = -4*p + 5*b + 12. What is the remainder when 11 is divided by p?
2
Let o = 0 + 3. Calculate the remainder when 4 is divided by 4/2 - o/(-3).
1
Let v = -5 - -60. Let w = v - 33. Calculate the remainder when w is divided by 6.
4
Let q(f) = f - 3*f - 3*f - 1 - 1. Let l = -21 + 36. What is the remainder when q(-9) is divided by l?
13
Let l = 6 + 7. Let i = -2 - -7. Calculate the remainder when l is divided by i.
3
Suppose 7 + 8 = a. Let s(o) = -o**2 + 11*o + 15. Let n be s(11). Suppose -n = 4*f + f, 5*h + 5*f = 15. Calculate the remainder when a is divided by h.
3
Let o = -3 - -52. What is the remainder when o is divided by 26?
23
Suppose 0*t = -2*a - 5*t + 13, -a + t + 3 = 0. Let f = -1 + a. Suppose -y + 30 = f*b - 33, -2*y = -2*b + 34. What is the remainder when 38 is divided by b?
18
Let d(h) = h**2 - 9*h - 7. Let v(p) = p - 1. Let c be v(4). Suppose c = 2*t + t. Calculate the remainder when d(10) is divided by t.
0
Calculate the remainder when 1/(((-24)/76)/(-6)) is divided by 8.
3
Let l be (-4)/(5/((-110)/4)). Let c = 45 + l. Let o(p) = p**2 + 23. Calculate the remainder when c is divided 